{"id":47,"date":"2018-11-23T16:48:29","date_gmt":"2018-11-23T15:48:29","guid":{"rendered":"http:\/\/chroniquesmotardes.com\/?page_id=47"},"modified":"2024-06-17T01:32:46","modified_gmt":"2024-06-16T23:32:46","slug":"brides-de-quotidien","status":"publish","type":"page","link":"https:\/\/chroniquesmotardes.com\/index.php\/accueil\/brides-de-quotidien\/","title":{"rendered":"Bribes de quotidien"},"content":{"rendered":"\n<div style=\"height:100px\" aria-hidden=\"true\" class=\"wp-block-spacer\"><\/div>\n\n\n<p><strong>Vous trouverez ici des r\u00e9cits &#8220;hors-sujet&#8221; : d\u00e9couverte du <a href=\"https:\/\/chroniquesmotardes.com\/index.php\/accueil\/brides-de-quotidien\/quotidien-motard\/\">Quotidien Motard<\/a>, <a href=\"https:\/\/chroniquesmotardes.com\/index.php\/accueil\/brides-de-quotidien\/divers\/\">coups de gueule, r\u00e9flexions, interrogations<\/a>, ou encore des <a href=\"https:\/\/chroniquesmotardes.com\/index.php\/accueil\/brides-de-quotidien\/essais\/\">essais d&#8217;\u00e9quipement<\/a>&#8230;<\/strong><\/p>\n\n\n<div style=\"height:100px\" aria-hidden=\"true\" class=\"wp-block-spacer\"><\/div>\n\n\n\n<figure class=\"wp-block-image\"><img decoding=\"async\" src=\"http:\/\/chroniquesmotardes.com\/wp-content\/uploads\/2018\/12\/brides-quotidien-1024x480.png\" alt=\"\" class=\"wp-image-838\"\/><\/figure>\n","protected":false},"excerpt":{"rendered":"<p>Vous trouverez ici des r\u00e9cits &#8220;hors-sujet&#8221; : d\u00e9couverte du Quotidien Motard, coups de gueule, r\u00e9flexions, interrogations, ou encore des essais&hellip;<\/p>\n","protected":false},"author":1,"featured_media":0,"parent":770,"menu_order":0,"comment_status":"closed","ping_status":"closed","template":"","meta":{"footnotes":""},"class_list":["post-47","page","type-page","status-publish","hentry"],"_links":{"self":[{"href":"https:\/\/chroniquesmotardes.com\/index.php\/wp-json\/wp\/v2\/pages\/47","targetHints":{"allow":["GET"]}}],"collection":[{"href":"https:\/\/chroniquesmotardes.com\/index.php\/wp-json\/wp\/v2\/pages"}],"about":[{"href":"https:\/\/chroniquesmotardes.com\/index.php\/wp-json\/wp\/v2\/types\/page"}],"author":[{"embeddable":true,"href":"https:\/\/chroniquesmotardes.com\/index.php\/wp-json\/wp\/v2\/users\/1"}],"replies":[{"embeddable":true,"href":"https:\/\/chroniquesmotardes.com\/index.php\/wp-json\/wp\/v2\/comments?post=47"}],"version-history":[{"count":2,"href":"https:\/\/chroniquesmotardes.com\/index.php\/wp-json\/wp\/v2\/pages\/47\/revisions"}],"predecessor-version":[{"id":1152,"href":"https:\/\/chroniquesmotardes.com\/index.php\/wp-json\/wp\/v2\/pages\/47\/revisions\/1152"}],"up":[{"embeddable":true,"href":"https:\/\/chroniquesmotardes.com\/index.php\/wp-json\/wp\/v2\/pages\/770"}],"wp:attachment":[{"href":"https:\/\/chroniquesmotardes.com\/index.php\/wp-json\/wp\/v2\/media?parent=47"}],"curies":[{"name":"wp","href":"https:\/\/api.w.org\/{rel}","templated":true}]}}